 6*l**2 - 2*l + 2. Let c be p(5). Let m = 4 + c. What is the units digit of m?
1
Let a(p) be the first derivative of -4*p**2 - 10*p + 3. What is the units digit of a(-6)?
8
Suppose 0 = -13*g + 15*g - 34. What is the tens digit of g?
1
What is the units digit of 2/(-16) - 1224/(-64)?
9
Let k(c) = c + 16. What is the units digit of k(-7)?
9
Suppose -4*w - 20 = 2*q, 0 = w - 3*w + 4*q. What is the units digit of 8 + w/(-2 + 0)?
0
Let s be (6/3)/(-2)*-4. Let d = s + -2. Suppose 19 = k - 3*x, d*k - 3*x = 15 + 8. What is the units digit of k?
4
Let u be (0 + -1)*-5 + 1. Let r(y) be the third derivative of y**4/24 + y**3/6 + 2*y**2. What is the units digit of r(u)?
7
Let d(a) = 3*a**2 - 4*a + 2. Let k = 0 - -2. Let g = k - 0. What is the units digit of d(g)?
6
Suppose 0 = -6*l + 318 + 1734. What is the units digit of l?
2
Suppose -16 = -6*l + 2*l, 3*l = z - 68. Suppose -3*t - t + z = 0. What is the tens digit of t?
2
Let v(p) = -p**3 + 9*p**2 + 2*p - 3. Let j(g) = g**3 - 8*g**2 - 2*g + 2. Let k(b) = 2*j(b) + 3*v(b). What is the tens digit of k(11)?
1
Suppose 3*m + 13 = 5*b, 29 = -3*m - 0*b + b. Let a = m + 17. What is the units digit of (-4)/a*117/(-6)?
3
Let y(v) = -v - 4. Let d be y(-4). What is the units digit of 4 - 0 - (-3 + d)?
7
What is the tens digit of ((-1 - 1) + (-836)/(-4))/1?
0
Suppose 2*t = 6*t + 8. What is the units digit of 1 + t + (10 - -4)?
3
What is the tens digit of (-6)/(6/2) - -118?
1
Let t(n) = -8*n**2 - 15*n + n**3 + 1 - n**2 + 7*n. Let f be t(10). What is the tens digit of (20/14)/(3/f)?
1
What is the units digit of ((-42)/(-10) - 1)*15?
8
Let w(s) = -s**2 - 6*s - 3. Let o be (0/1 + -3)*1. What is the units digit of w(o)?
6
Let f = -1 - 2. Let b(c) = 3*c**2 + 5. What is the tens digit of b(f)?
3
Suppose -4*h + 33 = k, 4*h + 0*k = 2*k + 30. What is the units digit of h?
8
Let f(n) = 54*n**2 - n. What is the units digit of f(1)?
3
Let n = 2 + 2. Let p = 6 + n. What is the units digit of 23/5 + p/25?
5
Let i = 2 + 0. Suppose i*a - 19 - 25 = 0. What is the units digit of a?
2
Let n(w) = -w. Let i be n(-3). Suppose 0 = -3*y - o + 23, y + o = -2*o + 13. Suppose -u + 4*s + 12 = y*s, i*s = -3*u + 36. What is the tens digit of u?
1
Let f = 330 + -170. What is the tens digit of f?
6
Suppose -2*w = 3*n - 6 - 1, 7 = -n + 4*w. Let x(v) = 9*v + 1. What is the tens digit of x(n)?
1
Let c(u) = 5 + u - 27 + 13. What is the units digit of c(12)?
3
Let n = -37 - -67. Suppose 4*q + 32 = 5*u, 5*q = -4*u + 1 - 0. What is the units digit of 10/15*n/u?
5
Suppose -i + 2*y + 75 = 0, -2*i = i - y - 205. What is the tens digit of i?
6
Let f be (2 - (1 - -8))*1. What is the units digit of (-344)/(-28) + 2/f?
2
Let y(z) = 2*z**2 + 6*z + 3. Let x be y(-8). Let m = x - 33. What is the units digit of m?
0
Let z(n) be the first derivative of n**2 + 9*n + 1. Let l be z(-6). Let g(y) = -y + 1. What is the units digit of g(l)?
4
Suppose 4*g + 153 = 2*x - g, 5*x - 4*g = 340. What is the tens digit of x?
6
Let v = 481 - 262. What is the units digit of v?
9
Let o(w) = -w**3 + 5*w**2 - w + 3. Let b be o(5). Let t = b - -11. What is the units digit of t?
9
Let q(v) = v**3 + 5*v**2 + 6*v + 6. Let k be q(-4). What is the units digit of 0 - k/(-3)*-9?
6
Let b(y) = -4*y**2 - 3 + 0*y - 4*y + 3*y**2. What is the units digit of b(-2)?
1
Let u = 10 - 4. What is the units digit of u?
6
Let q(p) = -8*p**3 + p**2 + 5*p + 2. What is the tens digit of q(-3)?
1
What is the units digit of (-1)/((-1)/63) + -1?
2
Let v(z) = z**3 - 13. Let m be v(0). Let n = m - -23. Suppose -35 = -5*b + n. What is the units digit of b?
9
Let u = -12 + 7. What is the tens digit of -2 - u - (-15)/1?
1
What is the tens digit of ((-36)/8 - -2)*-6?
1
Suppose 2*g - 8 = 3*t + 7, -4*t = 4*g. What is the units digit of g?
3
Let a be (0 + 0)/(-2 - -3). Suppose 2*w + 4 = a, 5*w + 31 = 3*p - 0*p. What is the units digit of p?
7
Suppose 5*b = 94 + 16. What is the units digit of b?
2
Let k = -5 + 9. Suppose k*c - 65 - 35 = 0. What is the units digit of c?
5
Suppose -2*x - 4*v - 2 - 20 = 0, -20 = -5*x + 5*v. What is the tens digit of 1400/24 + x/3?
5
Suppose s = 4, -j - j + 16 = 4*s. Suppose -2*r - r + 93 = 3*k, 2*r + 5*k - 71 = j. What is the units digit of r?
8
Let v(i) = 13*i - 7. Let s be 5/10*(7 + -1). What is the units digit of v(s)?
2
Let a be 10*4*1/10. Let f be (a/(-10))/((-4)/40). What is the units digit of ((-6)/(-9))/(f/6)?
1
Suppose -15 = w + 4*q + 5, 15 = 2*w - 3*q. Suppose 0 = 4*d - z - 151, w*d = -2*d - 3*z + 79. What is the units digit of d?
8
Let l(c) = -9*c - 4. Let m be l(-7). Suppose -y + m = -3*z, 84 = 4*y - z - 119. Suppose -5*n = -y + 5. What is the units digit of n?
9
Let a(v) be the third derivative of -v**4/24 - 5*v**3/6 + v**2. What is the units digit of a(-7)?
2
Suppose -2*p + 7 + 7 = 0. Let i(q) = -q + 0*q + 8 - p. What is the units digit of i(0)?
1
Suppose 0 = -4*f + 4, -4*d + 44 = -5*f + f. Suppose 0*s - 3*s = -d. Suppose l - s = -4*j - 10, 5*l + 2*j = 24. What is the units digit of l?
6
Suppose -2*t + 316 = 92. What is the hundreds digit of t?
1
Let i(x) = -2*x**3 + x**2 + x. Let d = 29 - 21. Suppose -5*b + 3 - d = 0. What is the units digit of i(b)?
2
Suppose -q = 5*v + 2, q = 3*v - v + 26. What is the units digit of q?
8
Let d = 6 - 14. What is the units digit of (d/10)/(6/(-270))?
6
Let f be 1 + 1 + 2/(-1). Suppose -5*b + 0*b = -10. Suppose -b*v + 3*p + 29 = f, v - p = -5*p - 13. What is the units digit of v?
7
Let l(f) = -f**3 - 11*f**2 + 13*f + 17. Let a be l(-12). Suppose 5*k - 60 = -5*u, a*k = 18 + 2. What is the units digit of u?
8
What is the tens digit of 3*(104/12 + -2)?
2
Let w(k) = k - 5. Let y be w(0). Let u = y + 2. Let z = -2 - u. What is the units digit of z?
1
Suppose -11*t - 720 = -19*t. What is the units digit of t?
0
Let q(s) = -3*s + 6. What is the units digit of q(-5)?
1
Let b(o) be the third derivative of -o**5/60 + 13*o**4/24 - 2*o**3 + 4*o**2. What is the units digit of b(10)?
8
Suppose 2*w - 2*n - 622 = 0, w + 2*w - 930 = 2*n. What is the units digit of w?
8
Let m(s) = 24*s - 5. What is the units digit of m(4)?
1
Let l = 20 - 19. What is the tens digit of -3 + 81/(4 - l)?
2
Suppose 0 = 4*f - g - 92, f = 2*f + 3*g - 36. What is the units digit of f?
4
Let g = 4 + -1. What is the units digit of ((-1)/2)/(g/(-72))?
2
Let r = 107 - 88. What is the tens digit of r?
1
Let g(u) = -26*u**2 - u - 1. Let i be g(-1). Let n = i + 45. What is the tens digit of n?
1
Let c(x) = -184*x**3 + 3*x + 2. What is the hundreds digit of c(-1)?
1
Let c be (-4)/(-18) - (-86)/18. Suppose 4*n + 7 = -2*u + n, c*u - n - 25 = 0. Suppose -5*k + u*k + 8 = 0. What is the units digit of k?
8
Suppose -5*n = -41 - 44. What is the tens digit of n?
1
What is the tens digit of (246/(-3))/(12/(-18))?
2
Let s be 3/6*0/6. Suppose -n - 2*n + 51 = 0. Suppose -m + n - 2 = s. What is the units digit of m?
5
Let p = 9 + -5. Suppose -2*o = -z, 0 = -4*z + o - p*o + 44. What is the units digit of z?
8
Let h be (0 - 0 - -1) + -2. What is the units digit of 12/((1 - h) + 0)?
6
Let i = -20 + 34. What is the tens digit of i?
1
Let i = 5 - 13. What is the units digit of ((-6)/4)/(6/i)?
2
Suppose -3*w + w + 8 = 0. Suppose -w*f + 38 + 6 = 4*k, 4*k + 28 = 4*f. What is the units digit of f?
9
Suppose 15 = -3*y, y + y + 10 = 2*x. What is the units digit of (2 - -9) + -2 + x?
9
Let u be 6 + 0/(3 + -5). Let r = u + 0. What is the units digit of r?
6
Let k(i) = i + i - 5 + 0*i - 3*i. What is the units digit of k(-11)?
6
Let d(t) = t**3 + t - 1. Let f be d(0). Let h be 6*f*(-3)/9. Suppose 5*r = 2*l, h*l = -0*l + 10. What is the units digit of r?
2
Suppose 0 = 5*v - 0*v - 30. What is the tens digit of 194/8 - v/(-8)?
2
Let b be 114/(-3) - (-6)/2. Let v = b + 60. What is the units digit of v?
5
What is the tens digit of -61*3*(-3)/9?
6
What is the units digit of 2 + 66 + 0/(-1)?
8
Let k be ((-18)/4)/(1/2). Let v = k + 15. What is the units digit of v?
6
Suppose 0 = 5*i + 2*r - 23, -2*r = -i - 7*r + 23. What is the tens digit of (-39 + -1)*i/(-4)?
3
Suppose 3*k + 2*k + 20 = 0. Let s(o) = o**3 + 4*o**2 - 2*o - 3. Let y be s(k). Suppose -y*z = 8 - 78. What is the tens digit of z?
1
Let x(m) = -2*m**3 + 2*m**2 - 2. What is the tens digit of x(-3)?
7
Let u(h) = 7*h + 4. Let x(m) = -20*m - 12. Let k(l) = -11*u(l) - 4*x(l). 